{"id":1096,"date":"2021-08-10T11:13:46","date_gmt":"2021-08-10T09:13:46","guid":{"rendered":"https:\/\/buergerplattform-chemnitz-mitte.de\/?page_id=1096"},"modified":"2021-08-10T11:13:47","modified_gmt":"2021-08-10T09:13:47","slug":"actionbound-im-sportforum","status":"publish","type":"page","link":"https:\/\/buergerplattform-chemnitz-mitte.de\/?page_id=1096","title":{"rendered":"Actionbound im Sportforum"},"content":{"rendered":"\n<p>Die Sportjugend Chemnitz legt  einen Actionbound im Sportforum an, um den Chemnitzer Familien die vielf\u00e4ltigen Sportangebote ihrer Stadt\u00a0 n\u00e4her zu bringen. Auf diese Weise gewinnen Interessierte nicht nur einen Blick \u00fcber die Arbeit der ans\u00e4ssigen Sportszene, sondern erfahren ebenso die Geschichte der Sportstadt Chemnitz mit ihren vielen Medaillengewinnern im internationalen Spitzensport.<\/p>\n\n\n\n<p>Zeitraum: Juli &#8211; Dezember 2021<\/p>\n\n\n\n<p>F\u00f6rderung durch die B\u00fcrgerplattform Chemnitz-Mitte in H\u00f6he von 499,00 Euro<\/p>\n","protected":false},"excerpt":{"rendered":"<p>Die Sportjugend Chemnitz legt einen Actionbound im Sportforum an, um den Chemnitzer Familien die vielf\u00e4ltigen Sportangebote ihrer Stadt\u00a0 n\u00e4her zu bringen. Auf diese Weise gewinnen Interessierte nicht nur einen Blick \u00fcber die Arbeit der ans\u00e4ssigen Sportszene, sondern erfahren ebenso die<\/p>\n","protected":false},"author":1,"featured_media":0,"parent":0,"menu_order":0,"comment_status":"closed","ping_status":"closed","template":"","meta":{"footnotes":""},"class_list":["post-1096","page","type-page","status-publish","hentry"],"_links":{"self":[{"href":"https:\/\/buergerplattform-chemnitz-mitte.de\/index.php?rest_route=\/wp\/v2\/pages\/1096","targetHints":{"allow":["GET"]}}],"collection":[{"href":"https:\/\/buergerplattform-chemnitz-mitte.de\/index.php?rest_route=\/wp\/v2\/pages"}],"about":[{"href":"https:\/\/buergerplattform-chemnitz-mitte.de\/index.php?rest_route=\/wp\/v2\/types\/page"}],"author":[{"embeddable":true,"href":"https:\/\/buergerplattform-chemnitz-mitte.de\/index.php?rest_route=\/wp\/v2\/users\/1"}],"replies":[{"embeddable":true,"href":"https:\/\/buergerplattform-chemnitz-mitte.de\/index.php?rest_route=%2Fwp%2Fv2%2Fcomments&post=1096"}],"version-history":[{"count":1,"href":"https:\/\/buergerplattform-chemnitz-mitte.de\/index.php?rest_route=\/wp\/v2\/pages\/1096\/revisions"}],"predecessor-version":[{"id":1098,"href":"https:\/\/buergerplattform-chemnitz-mitte.de\/index.php?rest_route=\/wp\/v2\/pages\/1096\/revisions\/1098"}],"wp:attachment":[{"href":"https:\/\/buergerplattform-chemnitz-mitte.de\/index.php?rest_route=%2Fwp%2Fv2%2Fmedia&parent=1096"}],"curies":[{"name":"wp","href":"https:\/\/api.w.org\/{rel}","templated":true}]}}