{"id":232,"date":"2015-11-16T11:05:43","date_gmt":"2015-11-16T10:05:43","guid":{"rendered":"https:\/\/buergerplattform-chemnitz-mitte.de\/?page_id=232"},"modified":"2026-04-21T08:21:47","modified_gmt":"2026-04-21T06:21:47","slug":"treffen","status":"publish","type":"page","link":"https:\/\/buergerplattform-chemnitz-mitte.de\/?page_id=232","title":{"rendered":"Treffen Steuerungsgruppe"},"content":{"rendered":"<div class=\"_209g _2vxa\" data-block=\"true\" data-offset-key=\"2fo5-0-0\">\n<p>Die Treffen der Steuerungsgruppe sind \u00f6ffentlich.<\/p>\n<p>Alle, die Fragen haben oder ein Thema besprechen m\u00f6chten, sind herzlich willkommen.<\/p>\n<p>Unser n\u00e4chster Termin:<\/p>\n<p><strong>26.05.2026, 17.00 Uhr, Ort wird noch bekanntgegeben<\/strong><\/p>\n<\/div>\n<p>Wenn Sie teilnehmen m\u00f6chten, senden Sie bitte eine E-Mail an:<\/p>\n<p><a href=\"mailto:info@buergerplattform-chemnitz-mitte.de\">info@buergerplattform-chemnitz-mitte.de\u00a0<\/a><\/p>\n\n\n<p><\/p>\n","protected":false},"excerpt":{"rendered":"<p>Die Treffen der Steuerungsgruppe sind \u00f6ffentlich. Alle, die Fragen haben oder ein Thema besprechen m\u00f6chten, sind herzlich willkommen. Unser n\u00e4chster Termin: 26.05.2026, 17.00 Uhr, Ort wird noch bekanntgegeben Wenn Sie teilnehmen m\u00f6chten, senden Sie bitte eine E-Mail an: info@buergerplattform-chemnitz-mitte.de\u00a0<\/p>\n","protected":false},"author":1,"featured_media":0,"parent":203,"menu_order":3,"comment_status":"closed","ping_status":"closed","template":"","meta":{"footnotes":""},"class_list":["post-232","page","type-page","status-publish","hentry"],"_links":{"self":[{"href":"https:\/\/buergerplattform-chemnitz-mitte.de\/index.php?rest_route=\/wp\/v2\/pages\/232","targetHints":{"allow":["GET"]}}],"collection":[{"href":"https:\/\/buergerplattform-chemnitz-mitte.de\/index.php?rest_route=\/wp\/v2\/pages"}],"about":[{"href":"https:\/\/buergerplattform-chemnitz-mitte.de\/index.php?rest_route=\/wp\/v2\/types\/page"}],"author":[{"embeddable":true,"href":"https:\/\/buergerplattform-chemnitz-mitte.de\/index.php?rest_route=\/wp\/v2\/users\/1"}],"replies":[{"embeddable":true,"href":"https:\/\/buergerplattform-chemnitz-mitte.de\/index.php?rest_route=%2Fwp%2Fv2%2Fcomments&post=232"}],"version-history":[{"count":101,"href":"https:\/\/buergerplattform-chemnitz-mitte.de\/index.php?rest_route=\/wp\/v2\/pages\/232\/revisions"}],"predecessor-version":[{"id":1592,"href":"https:\/\/buergerplattform-chemnitz-mitte.de\/index.php?rest_route=\/wp\/v2\/pages\/232\/revisions\/1592"}],"up":[{"embeddable":true,"href":"https:\/\/buergerplattform-chemnitz-mitte.de\/index.php?rest_route=\/wp\/v2\/pages\/203"}],"wp:attachment":[{"href":"https:\/\/buergerplattform-chemnitz-mitte.de\/index.php?rest_route=%2Fwp%2Fv2%2Fmedia&parent=232"}],"curies":[{"name":"wp","href":"https:\/\/api.w.org\/{rel}","templated":true}]}}