{"id":520,"date":"2019-07-22T09:03:24","date_gmt":"2019-07-22T07:03:24","guid":{"rendered":"https:\/\/buergerplattform-chemnitz-mitte.de\/?page_id=520"},"modified":"2019-07-22T14:10:31","modified_gmt":"2019-07-22T12:10:31","slug":"spotfight-chemnitz-2018-das-bmx-battle","status":"publish","type":"page","link":"https:\/\/buergerplattform-chemnitz-mitte.de\/?page_id=520","title":{"rendered":"Spotfight Chemnitz 2018 &#8211; Das BMX Battle"},"content":{"rendered":"\n<p>Spotfight Chemnitz ist ein zweit\u00e4giger BMX Contest im Einzugsgebiet der B\u00fcrgerplattform (Tag 1: KJK B-Plan, Tag 2: Konkordiapark).<\/p>\n\n\n\n<p>F\u00f6rderung durch die B\u00fcrgerplattform Chemnitz-Mitte in H\u00f6he von 561,80 Euro.   <\/p>\n","protected":false},"excerpt":{"rendered":"<p>Spotfight Chemnitz ist ein zweit\u00e4giger BMX Contest im Einzugsgebiet der B\u00fcrgerplattform (Tag 1: KJK B-Plan, Tag 2: Konkordiapark). F\u00f6rderung durch die B\u00fcrgerplattform Chemnitz-Mitte in H\u00f6he von 561,80 Euro.<\/p>\n","protected":false},"author":1,"featured_media":0,"parent":0,"menu_order":0,"comment_status":"closed","ping_status":"closed","template":"","meta":{"footnotes":""},"class_list":["post-520","page","type-page","status-publish","hentry"],"_links":{"self":[{"href":"https:\/\/buergerplattform-chemnitz-mitte.de\/index.php?rest_route=\/wp\/v2\/pages\/520","targetHints":{"allow":["GET"]}}],"collection":[{"href":"https:\/\/buergerplattform-chemnitz-mitte.de\/index.php?rest_route=\/wp\/v2\/pages"}],"about":[{"href":"https:\/\/buergerplattform-chemnitz-mitte.de\/index.php?rest_route=\/wp\/v2\/types\/page"}],"author":[{"embeddable":true,"href":"https:\/\/buergerplattform-chemnitz-mitte.de\/index.php?rest_route=\/wp\/v2\/users\/1"}],"replies":[{"embeddable":true,"href":"https:\/\/buergerplattform-chemnitz-mitte.de\/index.php?rest_route=%2Fwp%2Fv2%2Fcomments&post=520"}],"version-history":[{"count":3,"href":"https:\/\/buergerplattform-chemnitz-mitte.de\/index.php?rest_route=\/wp\/v2\/pages\/520\/revisions"}],"predecessor-version":[{"id":614,"href":"https:\/\/buergerplattform-chemnitz-mitte.de\/index.php?rest_route=\/wp\/v2\/pages\/520\/revisions\/614"}],"wp:attachment":[{"href":"https:\/\/buergerplattform-chemnitz-mitte.de\/index.php?rest_route=%2Fwp%2Fv2%2Fmedia&parent=520"}],"curies":[{"name":"wp","href":"https:\/\/api.w.org\/{rel}","templated":true}]}}