{"id":622,"date":"2019-07-22T14:24:56","date_gmt":"2019-07-22T12:24:56","guid":{"rendered":"https:\/\/buergerplattform-chemnitz-mitte.de\/?page_id=622"},"modified":"2019-07-22T14:24:56","modified_gmt":"2019-07-22T12:24:56","slug":"durchblick-gesundheitstag-im-rosenhof","status":"publish","type":"page","link":"https:\/\/buergerplattform-chemnitz-mitte.de\/?page_id=622","title":{"rendered":"Durchblick &#8211; Gesundheitstag im Rosenhof"},"content":{"rendered":"\n<p>Der Gesundheitstag 2015 besch\u00e4ftigt sich mit Formen der Sehbehinderung. Ziel ist die Aufkl\u00e4rung dar\u00fcber, wann, wie und wo man sich rechtzeitig Hilfe holen kann und welche M\u00f6glichkeiten der Vorbeugung denkbar sind. Veranstalter ist die B\u00fcrgerinitiative Chemnitzer City e.V.. <\/p>\n\n\n\n<p>F\u00f6rderung durch die B\u00fcrgerplattform Chemnitz-Mitte in H\u00f6he von 350,00 Euro.  <\/p>\n","protected":false},"excerpt":{"rendered":"<p>Der Gesundheitstag 2015 besch\u00e4ftigt sich mit Formen der Sehbehinderung. Ziel ist die Aufkl\u00e4rung dar\u00fcber, wann, wie und wo man sich rechtzeitig Hilfe holen kann und welche M\u00f6glichkeiten der Vorbeugung denkbar sind. Veranstalter ist die B\u00fcrgerinitiative Chemnitzer City e.V.. F\u00f6rderung durch<\/p>\n","protected":false},"author":1,"featured_media":0,"parent":0,"menu_order":0,"comment_status":"closed","ping_status":"closed","template":"","meta":{"footnotes":""},"class_list":["post-622","page","type-page","status-publish","hentry"],"_links":{"self":[{"href":"https:\/\/buergerplattform-chemnitz-mitte.de\/index.php?rest_route=\/wp\/v2\/pages\/622","targetHints":{"allow":["GET"]}}],"collection":[{"href":"https:\/\/buergerplattform-chemnitz-mitte.de\/index.php?rest_route=\/wp\/v2\/pages"}],"about":[{"href":"https:\/\/buergerplattform-chemnitz-mitte.de\/index.php?rest_route=\/wp\/v2\/types\/page"}],"author":[{"embeddable":true,"href":"https:\/\/buergerplattform-chemnitz-mitte.de\/index.php?rest_route=\/wp\/v2\/users\/1"}],"replies":[{"embeddable":true,"href":"https:\/\/buergerplattform-chemnitz-mitte.de\/index.php?rest_route=%2Fwp%2Fv2%2Fcomments&post=622"}],"version-history":[{"count":1,"href":"https:\/\/buergerplattform-chemnitz-mitte.de\/index.php?rest_route=\/wp\/v2\/pages\/622\/revisions"}],"predecessor-version":[{"id":624,"href":"https:\/\/buergerplattform-chemnitz-mitte.de\/index.php?rest_route=\/wp\/v2\/pages\/622\/revisions\/624"}],"wp:attachment":[{"href":"https:\/\/buergerplattform-chemnitz-mitte.de\/index.php?rest_route=%2Fwp%2Fv2%2Fmedia&parent=622"}],"curies":[{"name":"wp","href":"https:\/\/api.w.org\/{rel}","templated":true}]}}