{"id":644,"date":"2019-07-22T14:52:28","date_gmt":"2019-07-22T12:52:28","guid":{"rendered":"https:\/\/buergerplattform-chemnitz-mitte.de\/?page_id=644"},"modified":"2019-07-22T14:52:28","modified_gmt":"2019-07-22T12:52:28","slug":"parkbaenke-fuer-den-park-der-opfer-des-faschismus","status":"publish","type":"page","link":"https:\/\/buergerplattform-chemnitz-mitte.de\/?page_id=644","title":{"rendered":"Parkb\u00e4nke f\u00fcr den Park der Opfer des Faschismus"},"content":{"rendered":"\n<p>Das Evangelisch-Lutherische Jugendpfarramt\/ Jugendkirche Chemnitz plant die Anschaffung und das Aufstellen von zwei Parkb\u00e4nken im Umfeld der Jugendkirche im Park der Opfer des Faschismus.<\/p>\n\n\n\n<p>F\u00f6rderung durch die B\u00fcrgerplattform Chemnitz-Mitte in H\u00f6he von 1.000,00 Euro.    <\/p>\n","protected":false},"excerpt":{"rendered":"<p>Das Evangelisch-Lutherische Jugendpfarramt\/ Jugendkirche Chemnitz plant die Anschaffung und das Aufstellen von zwei Parkb\u00e4nken im Umfeld der Jugendkirche im Park der Opfer des Faschismus. F\u00f6rderung durch die B\u00fcrgerplattform Chemnitz-Mitte in H\u00f6he von 1.000,00 Euro.<\/p>\n","protected":false},"author":1,"featured_media":0,"parent":0,"menu_order":0,"comment_status":"closed","ping_status":"closed","template":"","meta":{"footnotes":""},"class_list":["post-644","page","type-page","status-publish","hentry"],"_links":{"self":[{"href":"https:\/\/buergerplattform-chemnitz-mitte.de\/index.php?rest_route=\/wp\/v2\/pages\/644","targetHints":{"allow":["GET"]}}],"collection":[{"href":"https:\/\/buergerplattform-chemnitz-mitte.de\/index.php?rest_route=\/wp\/v2\/pages"}],"about":[{"href":"https:\/\/buergerplattform-chemnitz-mitte.de\/index.php?rest_route=\/wp\/v2\/types\/page"}],"author":[{"embeddable":true,"href":"https:\/\/buergerplattform-chemnitz-mitte.de\/index.php?rest_route=\/wp\/v2\/users\/1"}],"replies":[{"embeddable":true,"href":"https:\/\/buergerplattform-chemnitz-mitte.de\/index.php?rest_route=%2Fwp%2Fv2%2Fcomments&post=644"}],"version-history":[{"count":1,"href":"https:\/\/buergerplattform-chemnitz-mitte.de\/index.php?rest_route=\/wp\/v2\/pages\/644\/revisions"}],"predecessor-version":[{"id":646,"href":"https:\/\/buergerplattform-chemnitz-mitte.de\/index.php?rest_route=\/wp\/v2\/pages\/644\/revisions\/646"}],"wp:attachment":[{"href":"https:\/\/buergerplattform-chemnitz-mitte.de\/index.php?rest_route=%2Fwp%2Fv2%2Fmedia&parent=644"}],"curies":[{"name":"wp","href":"https:\/\/api.w.org\/{rel}","templated":true}]}}

Parkbänke für den Park der Opfer des Faschismus

<p>Das Evangelisch-Lutherische Jugendpfarramt/ Jugendkirche Chemnitz plant die Anschaffung und das Aufstellen von zwei Parkbänken im Umfeld der Jugendkirche im Park der Opfer des Faschismus.</p>



<p>Förderung durch die Bürgerplattform Chemnitz-Mitte in Höhe von 1.000,00 Euro.    </p>

<p>Das Evangelisch-Lutherische Jugendpfarramt/ Jugendkirche Chemnitz plant die Anschaffung und das Aufstellen von zwei Parkbänken im Umfeld der Jugendkirche im Park der Opfer des Faschismus. Förderung durch die Bürgerplattform Chemnitz-Mitte in Höhe von 1.000,00 Euro.</p>
