{"id":660,"date":"2019-07-22T15:18:33","date_gmt":"2019-07-22T13:18:33","guid":{"rendered":"https:\/\/buergerplattform-chemnitz-mitte.de\/?page_id=660"},"modified":"2019-07-22T15:18:33","modified_gmt":"2019-07-22T13:18:33","slug":"fotoausstellung-kinderaugen","status":"publish","type":"page","link":"https:\/\/buergerplattform-chemnitz-mitte.de\/?page_id=660","title":{"rendered":"Fotoausstellung &#8222;Kinderaugen&#8220;"},"content":{"rendered":"\n<p>Gro\u00dfformatige Fotoarbeiten von Hobbyfotograf*innen sind vom 01. Mai 2016 &#8211; 31. Dezember 2016 in den \u00f6ffentlichen R\u00e4umen des Fr\u00fchf\u00f6rderzentrums w\u00e4hrend der \u00d6ffnungszeiten zu besichtigen. Im Fokus stehen die Kinder und deren therapeutische und p\u00e4dagogische Betreuung.<\/p>\n\n\n\n<p>F\u00f6rderung durch die B\u00fcrgerplattform Chemnitz-Mitte in H\u00f6he von 845,00 Euro.  <\/p>\n","protected":false},"excerpt":{"rendered":"<p>Gro\u00dfformatige Fotoarbeiten von Hobbyfotograf*innen sind vom 01. Mai 2016 &#8211; 31. Dezember 2016 in den \u00f6ffentlichen R\u00e4umen des Fr\u00fchf\u00f6rderzentrums w\u00e4hrend der \u00d6ffnungszeiten zu besichtigen. Im Fokus stehen die Kinder und deren therapeutische und p\u00e4dagogische Betreuung. F\u00f6rderung durch die B\u00fcrgerplattform Chemnitz-Mitte<\/p>\n","protected":false},"author":1,"featured_media":0,"parent":0,"menu_order":0,"comment_status":"closed","ping_status":"closed","template":"","meta":{"footnotes":""},"class_list":["post-660","page","type-page","status-publish","hentry"],"_links":{"self":[{"href":"https:\/\/buergerplattform-chemnitz-mitte.de\/index.php?rest_route=\/wp\/v2\/pages\/660","targetHints":{"allow":["GET"]}}],"collection":[{"href":"https:\/\/buergerplattform-chemnitz-mitte.de\/index.php?rest_route=\/wp\/v2\/pages"}],"about":[{"href":"https:\/\/buergerplattform-chemnitz-mitte.de\/index.php?rest_route=\/wp\/v2\/types\/page"}],"author":[{"embeddable":true,"href":"https:\/\/buergerplattform-chemnitz-mitte.de\/index.php?rest_route=\/wp\/v2\/users\/1"}],"replies":[{"embeddable":true,"href":"https:\/\/buergerplattform-chemnitz-mitte.de\/index.php?rest_route=%2Fwp%2Fv2%2Fcomments&post=660"}],"version-history":[{"count":1,"href":"https:\/\/buergerplattform-chemnitz-mitte.de\/index.php?rest_route=\/wp\/v2\/pages\/660\/revisions"}],"predecessor-version":[{"id":662,"href":"https:\/\/buergerplattform-chemnitz-mitte.de\/index.php?rest_route=\/wp\/v2\/pages\/660\/revisions\/662"}],"wp:attachment":[{"href":"https:\/\/buergerplattform-chemnitz-mitte.de\/index.php?rest_route=%2Fwp%2Fv2%2Fmedia&parent=660"}],"curies":[{"name":"wp","href":"https:\/\/api.w.org\/{rel}","templated":true}]}}