{"id":667,"date":"2019-07-22T15:31:16","date_gmt":"2019-07-22T13:31:16","guid":{"rendered":"https:\/\/buergerplattform-chemnitz-mitte.de\/?page_id=667"},"modified":"2019-07-22T15:31:16","modified_gmt":"2019-07-22T13:31:16","slug":"interkulturelle-weihnachtsfeier-in-der-lila-villa","status":"publish","type":"page","link":"https:\/\/buergerplattform-chemnitz-mitte.de\/?page_id=667","title":{"rendered":"Interkulturelle Weihnachtsfeier in der Lila Villa"},"content":{"rendered":"\n<p>Dieses Projekt des akCente e.V. als niedrigschwelliges Angebot erm\u00f6glicht Begegnung, Abbau von Vorurteilen und Xenophobie und dient gesellschaftlichem Zusammenhalt. Menschen kommen zueinander, Vernetzung bleibt und setzt sich fort. Migrant_innen k\u00f6nnen mittun, mitgestalten und sich einbringen &#8211; dies f\u00f6rdert gesellschaftliche Teilhabe. <\/p>\n\n\n\n<p>Termin: 08. Dezember 2017<\/p>\n\n\n\n<p>F\u00f6rderung durch die B\u00fcrgerplattform Chemnitz-Mitte in H\u00f6he von 800,00 Euro.    <\/p>\n","protected":false},"excerpt":{"rendered":"<p>Dieses Projekt des akCente e.V. als niedrigschwelliges Angebot erm\u00f6glicht Begegnung, Abbau von Vorurteilen und Xenophobie und dient gesellschaftlichem Zusammenhalt. Menschen kommen zueinander, Vernetzung bleibt und setzt sich fort. Migrant_innen k\u00f6nnen mittun, mitgestalten und sich einbringen &#8211; dies f\u00f6rdert gesellschaftliche Teilhabe.<\/p>\n","protected":false},"author":1,"featured_media":0,"parent":0,"menu_order":0,"comment_status":"closed","ping_status":"closed","template":"","meta":{"footnotes":""},"class_list":["post-667","page","type-page","status-publish","hentry"],"_links":{"self":[{"href":"https:\/\/buergerplattform-chemnitz-mitte.de\/index.php?rest_route=\/wp\/v2\/pages\/667","targetHints":{"allow":["GET"]}}],"collection":[{"href":"https:\/\/buergerplattform-chemnitz-mitte.de\/index.php?rest_route=\/wp\/v2\/pages"}],"about":[{"href":"https:\/\/buergerplattform-chemnitz-mitte.de\/index.php?rest_route=\/wp\/v2\/types\/page"}],"author":[{"embeddable":true,"href":"https:\/\/buergerplattform-chemnitz-mitte.de\/index.php?rest_route=\/wp\/v2\/users\/1"}],"replies":[{"embeddable":true,"href":"https:\/\/buergerplattform-chemnitz-mitte.de\/index.php?rest_route=%2Fwp%2Fv2%2Fcomments&post=667"}],"version-history":[{"count":1,"href":"https:\/\/buergerplattform-chemnitz-mitte.de\/index.php?rest_route=\/wp\/v2\/pages\/667\/revisions"}],"predecessor-version":[{"id":669,"href":"https:\/\/buergerplattform-chemnitz-mitte.de\/index.php?rest_route=\/wp\/v2\/pages\/667\/revisions\/669"}],"wp:attachment":[{"href":"https:\/\/buergerplattform-chemnitz-mitte.de\/index.php?rest_route=%2Fwp%2Fv2%2Fmedia&parent=667"}],"curies":[{"name":"wp","href":"https:\/\/api.w.org\/{rel}","templated":true}]}}

<p>Dieses Projekt des akCente e.V. als niedrigschwelliges Angebot ermöglicht Begegnung, Abbau von Vorurteilen und Xenophobie und dient gesellschaftlichem Zusammenhalt. Menschen kommen zueinander, Vernetzung bleibt und setzt sich fort. Migrant_innen können mittun, mitgestalten und sich einbringen &#8211; dies fördert gesellschaftliche Teilhabe. </p>



<p>Termin: 08. Dezember 2017</p>



<p>Förderung durch die Bürgerplattform Chemnitz-Mitte in Höhe von 800,00 Euro.    </p>

<p>Dieses Projekt des akCente e.V. als niedrigschwelliges Angebot ermöglicht Begegnung, Abbau von Vorurteilen und Xenophobie und dient gesellschaftlichem Zusammenhalt. Menschen kommen zueinander, Vernetzung bleibt und setzt sich fort. Migrant_innen können mittun, mitgestalten und sich einbringen &#8211; dies fördert gesellschaftliche Teilhabe.</p>
