{"id":680,"date":"2019-07-23T11:21:01","date_gmt":"2019-07-23T09:21:01","guid":{"rendered":"https:\/\/buergerplattform-chemnitz-mitte.de\/?page_id=680"},"modified":"2019-07-23T11:21:01","modified_gmt":"2019-07-23T09:21:01","slug":"traumtaenzer-tanz-poesie","status":"publish","type":"page","link":"https:\/\/buergerplattform-chemnitz-mitte.de\/?page_id=680","title":{"rendered":"TRAUMTaeNZER (Tanz &#038; Poesie)"},"content":{"rendered":"\n<p><\/p>\n\n\n\n<p>Um die kulturelle Infrastruktur in Chemnitz-Mitte zu st\u00e4rken, versucht dieses kooperative Projekt unter anderem zwischen der Buchhandlung Max M\u00fcller, St. Jakobi-Kirchgemeinde und der TU Chemnitz  auf der Achse TU Chemnitz &#8211; Innenstadt die Bewohner*innen am Abend des 28. Juni 2019 aber auch bereits  zur Museumsnacht 2019 in die Innenstadt zu locken, um den Kunstausdruck des Tanzes in ungewohnter Weise ins st\u00e4dtische Leben tempor\u00e4r zu integrieren. Das Projekt ist Bestandteil der weiterzuf\u00fchrenden Reihe &#8222;Tanz &amp; Poesie&#8220; und verbindet Wohnquartiere wie Annenkarr\u00e9 oder das studentische Wohnen im Bereich Bernsbachplatz, sowie i.w.S. Bernsdorf &amp; Campus an der Reichenhainer Stra\u00dfe mit den Innenstadtquartieren Rosenhof und Mittelstandsmeile.<\/p>\n\n\n\n<p>F\u00f6rderung durch die B\u00fcrgerplattform Chemnitz-Mitte in H\u00f6he von 1.000,00 Euro.     <\/p>\n","protected":false},"excerpt":{"rendered":"<p>Um die kulturelle Infrastruktur in Chemnitz-Mitte zu st\u00e4rken, versucht dieses kooperative Projekt unter anderem zwischen der Buchhandlung Max M\u00fcller, St. Jakobi-Kirchgemeinde und der TU Chemnitz auf der Achse TU Chemnitz &#8211; Innenstadt die Bewohner*innen am Abend des 28. Juni 2019<\/p>\n","protected":false},"author":1,"featured_media":0,"parent":0,"menu_order":0,"comment_status":"closed","ping_status":"closed","template":"","meta":{"footnotes":""},"class_list":["post-680","page","type-page","status-publish","hentry"],"_links":{"self":[{"href":"https:\/\/buergerplattform-chemnitz-mitte.de\/index.php?rest_route=\/wp\/v2\/pages\/680","targetHints":{"allow":["GET"]}}],"collection":[{"href":"https:\/\/buergerplattform-chemnitz-mitte.de\/index.php?rest_route=\/wp\/v2\/pages"}],"about":[{"href":"https:\/\/buergerplattform-chemnitz-mitte.de\/index.php?rest_route=\/wp\/v2\/types\/page"}],"author":[{"embeddable":true,"href":"https:\/\/buergerplattform-chemnitz-mitte.de\/index.php?rest_route=\/wp\/v2\/users\/1"}],"replies":[{"embeddable":true,"href":"https:\/\/buergerplattform-chemnitz-mitte.de\/index.php?rest_route=%2Fwp%2Fv2%2Fcomments&post=680"}],"version-history":[{"count":1,"href":"https:\/\/buergerplattform-chemnitz-mitte.de\/index.php?rest_route=\/wp\/v2\/pages\/680\/revisions"}],"predecessor-version":[{"id":682,"href":"https:\/\/buergerplattform-chemnitz-mitte.de\/index.php?rest_route=\/wp\/v2\/pages\/680\/revisions\/682"}],"wp:attachment":[{"href":"https:\/\/buergerplattform-chemnitz-mitte.de\/index.php?rest_route=%2Fwp%2Fv2%2Fmedia&parent=680"}],"curies":[{"name":"wp","href":"https:\/\/api.w.org\/{rel}","templated":true}]}}