{"id":967,"date":"2020-04-01T08:34:08","date_gmt":"2020-04-01T06:34:08","guid":{"rendered":"https:\/\/buergerplattform-chemnitz-mitte.de\/?page_id=967"},"modified":"2020-04-01T08:34:09","modified_gmt":"2020-04-01T06:34:09","slug":"sanierung-traditioneller-plastiken-im-schulhaus","status":"publish","type":"page","link":"https:\/\/buergerplattform-chemnitz-mitte.de\/?page_id=967","title":{"rendered":"Sanierung traditioneller Plastiken im Schulhaus"},"content":{"rendered":"\n<p>Hinter diesem Projekt stehen bisher der F\u00f6rderverein Realgymnasium Chemnitz e.V., das Alumninetzwerk des Georgius-Agricola-Gymnasiums, die Schulleitung, die Sch\u00fcler<em>innen aller Klassen des Gymnasiums sowie Spender<\/em>innen.<\/p>\n\n\n\n<p>Es sollen die wertvollen Keramikfiguren des regionalen Keramikk\u00fcnstlers und P\u00e4dagogen Kurt Feuerriegel im Geb\u00e4ude Park der Opfer des Faschismus 2 saniert werden. Gerade auch im Zuge der Kulturhauptstadtbewerbung der Stadt Chemnitz ist es den Initiator<em>innen ein Anliegen Kunst und Kultur zu erhalten und insbesondere f\u00fcr die Jugend erlebbar zu machen. Die Sch\u00fcler<\/em>innen des Gymnasiums engagieren sich mit diversen Aktionen (bspw. Keramikbasar, Sponsorenlauf, Konzert der Schulband) um Einnahmen zum Stemmen der notwendigen Kosten zu generieren.<\/p>\n\n\n\n<p>Zeitraum: 2. Halbjahr 2020<\/p>\n\n\n\n<p>F\u00f6rderung durch die B\u00fcrgerplattform Chemnitz-Mitte in H\u00f6he von 2.000,00 Euro.<\/p>\n","protected":false},"excerpt":{"rendered":"<p>Hinter diesem Projekt stehen bisher der F\u00f6rderverein Realgymnasium Chemnitz e.V., das Alumninetzwerk des Georgius-Agricola-Gymnasiums, die Schulleitung, die Sch\u00fclerinnen aller Klassen des Gymnasiums sowie Spenderinnen. Es sollen die wertvollen Keramikfiguren des regionalen Keramikk\u00fcnstlers und P\u00e4dagogen Kurt Feuerriegel im Geb\u00e4ude Park der<\/p>\n","protected":false},"author":1,"featured_media":0,"parent":0,"menu_order":0,"comment_status":"closed","ping_status":"closed","template":"","meta":{"footnotes":""},"class_list":["post-967","page","type-page","status-publish","hentry"],"_links":{"self":[{"href":"https:\/\/buergerplattform-chemnitz-mitte.de\/index.php?rest_route=\/wp\/v2\/pages\/967","targetHints":{"allow":["GET"]}}],"collection":[{"href":"https:\/\/buergerplattform-chemnitz-mitte.de\/index.php?rest_route=\/wp\/v2\/pages"}],"about":[{"href":"https:\/\/buergerplattform-chemnitz-mitte.de\/index.php?rest_route=\/wp\/v2\/types\/page"}],"author":[{"embeddable":true,"href":"https:\/\/buergerplattform-chemnitz-mitte.de\/index.php?rest_route=\/wp\/v2\/users\/1"}],"replies":[{"embeddable":true,"href":"https:\/\/buergerplattform-chemnitz-mitte.de\/index.php?rest_route=%2Fwp%2Fv2%2Fcomments&post=967"}],"version-history":[{"count":1,"href":"https:\/\/buergerplattform-chemnitz-mitte.de\/index.php?rest_route=\/wp\/v2\/pages\/967\/revisions"}],"predecessor-version":[{"id":969,"href":"https:\/\/buergerplattform-chemnitz-mitte.de\/index.php?rest_route=\/wp\/v2\/pages\/967\/revisions\/969"}],"wp:attachment":[{"href":"https:\/\/buergerplattform-chemnitz-mitte.de\/index.php?rest_route=%2Fwp%2Fv2%2Fmedia&parent=967"}],"curies":[{"name":"wp","href":"https:\/\/api.w.org\/{rel}","templated":true}]}}

<p>Hinter diesem Projekt stehen bisher der Förderverein Realgymnasium Chemnitz e.V., das Alumninetzwerk des Georgius-Agricola-Gymnasiums, die Schulleitung, die Schüler<em>innen aller Klassen des Gymnasiums sowie Spender</em>innen.</p>



<p>Es sollen die wertvollen Keramikfiguren des regionalen Keramikkünstlers und Pädagogen Kurt Feuerriegel im Gebäude Park der Opfer des Faschismus 2 saniert werden. Gerade auch im Zuge der Kulturhauptstadtbewerbung der Stadt Chemnitz ist es den Initiator<em>innen ein Anliegen Kunst und Kultur zu erhalten und insbesondere für die Jugend erlebbar zu machen. Die Schüler</em>innen des Gymnasiums engagieren sich mit diversen Aktionen (bspw. Keramikbasar, Sponsorenlauf, Konzert der Schulband) um Einnahmen zum Stemmen der notwendigen Kosten zu generieren.</p>



<p>Zeitraum: 2. Halbjahr 2020</p>



<p>Förderung durch die Bürgerplattform Chemnitz-Mitte in Höhe von 2.000,00 Euro.</p>

<p>Hinter diesem Projekt stehen bisher der Förderverein Realgymnasium Chemnitz e.V., das Alumninetzwerk des Georgius-Agricola-Gymnasiums, die Schulleitung, die Schülerinnen aller Klassen des Gymnasiums sowie Spenderinnen. Es sollen die wertvollen Keramikfiguren des regionalen Keramikkünstlers und Pädagogen Kurt Feuerriegel im Gebäude Park der</p>
